f h and k.
6
Suppose 176*k = 101*k + 104*k - 8120. Calculate the greatest common divisor of k and 1148.
28
Let p = -65 - -94. Let b = -23 + p. Suppose -631 = b*w - 1495. What is the greatest common divisor of w and 16?
16
Let c = -74 + 122. Suppose 6*b - 624 = -192. Suppose 35*y - b = 32*y. What is the greatest common divisor of c and y?
24
Suppose -4*p = -4*a - 200, -17*p + 5*a = -14*p - 166. Calculate the highest common divisor of 8246 and p.
14
Suppose 8*b - 1260 = -20*b. Calculate the highest common factor of 705 and b.
15
Suppose -5*p + 3955 = 3*z - 13047, 6*z + 3*p = 33990. Calculate the highest common divisor of z and 160.
32
Let i be ((-3)/(12/10))/((-65)/52). Suppose -3*o = -3*r + 114, -i*r - o = r - 110. What is the greatest common divisor of r and 1073?
37
Let b(t) = 2*t + 18. Let m be b(-5). Let h be (-4842)/(-27) - 4/(-6). Let c = -76 + h. Calculate the highest common divisor of c and m.
8
Let j = 115 + -89. Suppose 83 = -2*p + 655. Calculate the greatest common factor of p and j.
26
Suppose -86*b - 85*b + 3287133 = 0. Calculate the greatest common factor of 47 and b.
47
Let w(h) = -h**3 + 6*h**2 + 4*h - 6. Let t be w(6). Let b(j) = -61*j + 11. Let f be b(-4). Let x = f - 129. Calculate the greatest common factor of x and t.
18
Suppose 3788 = 3*f + 2*j, -3*f = -0*j - j - 3785. Suppose f = -7*t + 4111. Calculate the greatest common divisor of t and 37.
37
Let t(z) = 29 + 20*z - 19*z + 53. Let l be t(-31). Calculate the greatest common factor of 51 and l.
51
Let f(g) = -13*g - 22. Let i be -12*(-12)/(-36) + (0 - 3). Let x be f(i). What is the greatest common divisor of 23 and x?
23
Suppose -4*h + 20 = -316. Suppose -17*n = -30*n + 39. Suppose -4*q = -2*d + 12, -n*q - 3 = -4*q. Calculate the greatest common divisor of h and d.
12
Let t = -10532 - -11977. What is the greatest common divisor of t and 15?
5
Let q = 10723 + -10717. Calculate the highest common factor of 5331 and q.
3
Suppose 113 = 7*c - 223. Let s = -6 - -15. Suppose 7*m - 33 - s = 0. What is the greatest common factor of m and c?
6
Let a = 5053 + -5023. Let x be (1980/8)/3*2. Calculate the greatest common factor of a and x.
15
Let q = -48 - -93. Let i(y) = 66*y - 1839. Let h be i(29). Calculate the greatest common divisor of q and h.
15
Let l = 12 - -33. Let z be 2*(0 + l/6). Suppose -18*g - 373849 = -375739. Calculate the greatest common divisor of z and g.
15
Let w(r) = 4*r - 341. Let u be w(87). What is the highest common factor of 16961 and u?
7
Suppose 0 = 7*w - 111 - 85. Suppose -139*z - w = -140*z. What is the greatest common divisor of 35 and z?
7
Let g = -6280 - -6397. What is the greatest common divisor of 949 and g?
13
Suppose 2*z - 24 = 2*b, 0*b - b = -4*z + 51. Let l(g) = 4*g**2 + 212*g - 336. Let t be l(-55). What is the greatest common factor of t and z?
13
Let b = -562 - -346. Let z = 229 + b. Let p = 185 - 81. What is the highest common factor of z and p?
13
Suppose 44*i - 16*i - 237160 = -16*i. Calculate the highest common divisor of i and 220.
110
Let l = -584 - -587. Suppose 4*t - s = 276 + 151, 5*t + l*s = 555. Suppose 0 = b - 15 + 3. Calculate the greatest common factor of t and b.
12
Let l(o) = -4588*o + 2256*o + 2296*o - 6. Let t = 3 + -6. Let a be l(t). What is the greatest common divisor of 34 and a?
34
Let b = -255 - -278. Suppose 792 - 3575 = -b*v. Calculate the greatest common divisor of 11 and v.
11
Suppose 0 = 5*v - 5*w - 380, -4*v - w + 3*w + 306 = 0. Let c = v - -27. Calculate the highest common factor of 8 and c.
8
Suppose 0 = 294*o - 295*o + 2. Suppose -3*s + 434 = -t, 0 = 2*s + o*t - 5*t - 294. What is the greatest common divisor of 18 and s?
18
Let s(x) = -2*x**3 + 11*x**2 - 7*x - 2. Let a be s(4). Suppose -16*h - 6 = -a*h. Calculate the greatest common factor of 237 and h.
3
Let s be 3/(-12) + 10 + (-1469)/(-52). What is the greatest common divisor of 4636 and s?
38
Let o = 823 + -1190. Let c = -333 - o. What is the highest common factor of c and 102?
34
Let l = -5 + 7. Suppose -x - l*u = 2*u - 50, -u = -3*x + 98. Suppose -648 + 172 = -14*h. What is the highest common divisor of x and h?
34
Let q(x) = -2*x**2 - 10*x - 15. Let z be q(-3). Let n be 16/9*z*(-16 + 1). What is the greatest common divisor of n and 10?
10
Let o(s) = s**3 + 15*s**2 + 12*s - 54. Let t be o(-12). What is the highest common divisor of t and 72?
18
Let z(v) = v**3 + 12*v**2 + 5*v + 41. Let k be z(-11). Calculate the greatest common factor of 6527 and k.
107
Let k be (-3)/(-2)*760/6. Let s be -4 + (4 - -1*(-4)/4). Let a be (-10)/s + (-2 - -2). What is the highest common divisor of k and a?
10
Let s(p) = 2*p**2 - 8*p - 7. Suppose -3*y - 15 = 2*y. Let c be s(y). Suppose -4*k + 22 = -34. What is the greatest common factor of k and c?
7
Let a = -5392 - -6652. Calculate the highest common divisor of a and 1540.
140
Let t(v) = 2*v - 4. Let h be t(5). Let k(s) = -7*s - 58. Let p be k(-10). Let r be (-2)/p - (-109)/h. Calculate the greatest common divisor of r and 45.
9
Let a(c) = 5*c - 60. Let v be a(24). What is the highest common factor of v and 260?
20
Let d = 24489 + -23364. What is the greatest common factor of d and 465?
15
Let d = 406 + -160. Let i = d - 178. What is the greatest common divisor of 408 and i?
68
Suppose 5*s = -c + 65, 3*c + 4*s - 212 = -50. Calculate the greatest common divisor of 3025 and c.
25
Suppose 0 = -2*z + 6*z + 5*l + 70, 5*z + 5*l + 90 = 0. Let q be (-77)/5 + -1 + (-28)/z. Let s = q + 36. What is the greatest common factor of s and 14?
7
Suppose l = 3, 0 = -3*s + 7*s + l - 7. Let g be (((-78)/2)/s)/(29/(-522)). What is the greatest common factor of 54 and g?
54
Let x be (-2)/6 + (-28618)/(-246) - -6. Calculate the greatest common factor of 15250 and x.
122
Let u(s) = -2*s**3 - 247*s**2 - 112*s + 1383. Let i be u(-123). Calculate the highest common divisor of i and 2265.
15
Suppose -1255 = -41*n - 25. Suppose 0 = -3*p - 2*p + 2050. What is the highest common factor of n and p?
10
Suppose -20*c + 53*c = -64*c + 195843. What is the highest common factor of c and 3?
3
Let u(h) = 3*h**2 + 6*h + 6. Let l be u(-3). Suppose 3*j - 4*z - 122 = 0, -4*z + 73 = 2*j - l. Calculate the greatest common divisor of j and 168.
42
Let h be (-59072)/(-1278) + 4/2 + 80/(-36). Calculate the highest common factor of 3082 and h.
46
Let o = 91 + 159. Let v be (800/24)/2*(6 - 0). What is the highest common divisor of o and v?
50
Let k be 1/((-1)/32) + -1. Suppose -4*v + 4*z = 120, 0 = 2*z + z. Let m = v - k. What is the highest common divisor of 33 and m?
3
Let h be 1*-4 - (5 - 105). Suppose -51 = -3*b + h. Suppose 0 = -6*g + 245 + b. What is the highest common divisor of 14 and g?
7
Suppose -3*c + 5*r + 1766 = 0, 4*c = 4*r + 1337 + 1039. Suppose 3*b = -12, 3*t + 4*b = 15 + 11. Calculate the highest common divisor of c and t.
14
Suppose 20634 + 46191 = 25*x. What is the greatest common factor of 99 and x?
99
Let b(i) = 248*i**2 + 3*i + 198. Let a be b(6). Calculate the highest common divisor of a and 216.
72
Let t(g) = 16*g - 624. Let n be t(41). What is the highest common factor of 4448 and n?
32
Let x = -74 + 81. Let f = 29 - x. Calculate the greatest common divisor of 66 and f.
22
Let z be 43/8 + (6/(-16) - 0). Suppose u + 8 - 58 = -z*l, -30 = -5*l - 5*u. What is the greatest common divisor of l and 2?
1
Let k be -5*4/8*-4. Let a = 15 - 12. Suppose -14 = -2*b - 0*v + a*v, 4*v + 2 = b. Calculate the greatest common divisor of b and k.
10
Let t be (30/(-9))/((-2)/(-6)). Let f be ((-8)/t)/(-3 - 166/(-55)). Let r = f - 35. Calculate the highest common factor of 1 and r.
1
Let h(p) = p**2 + 12*p + 12. Let t be h(-13). Suppose -t*s = -8*s - 1360. Calculate the highest common factor of 100 and s.
20
Suppose 0 = -21*j + 7738 + 10154. Calculate the highest common divisor of j and 1846.
142
Suppose 3*w = 3*u + 63, 8*u + 1352 - 1190 = 5*w. Suppose 0 = -j + 2 + 39. What is the highest common divisor of w and j?
1
Let k(l) = -30*l + 20. Let x be k(-9). Suppose 4*a = -2*c + 1207 - 1137, -4*a - c = -75. Calculate the highest common factor of a and x.
10
Suppose 4*m - 10 = 4*c + 22, -3*c = m. Let a(p) = -p**3 - 13*p**2 - 15*p - 15. Let h be a(-12). Calculate the greatest common divisor of h and m.
3
Suppose -2*x + 0*x = -128. Let z(l) = -l**3 - 17*l**2 - 62*l - 122. Let s